h be (-1519254)/o*((-5)/3 + 1). Let k = -4774 - h. Is k prime?
False
Suppose 0 = -7*q - 15712 - 9684. Let n = q + 6257. Is n a composite number?
True
Suppose -114406 = -2*v - 5*x, 171632 = 3*v + 4*x - 8*x. Let b = v + -26543. Is b prime?
False
Let l = -182346 + 342039. Is l a composite number?
True
Suppose -6*z + z + 5*a = -270, -2*a = 4. Let s = 49 - z. Is s/6*1399*(-2 - 0) prime?
True
Let z = -230 + 232. Suppose 5*c = -z*f + 1303 + 18646, c - 3997 = -4*f. Is c composite?
False
Let f = 14512 - -301. Is f prime?
True
Suppose 2*f + 540067 + 74505 = 4*s, 16 = -4*f. Is s a prime number?
True
Suppose 5*t - 760696 = -5988036. Is (-6)/15 + (-6 - t/20) prime?
True
Let q(z) = 25403*z**2 + 303*z + 609. Is q(-2) prime?
False
Let o = -226476 + 322577. Is o a composite number?
True
Let m = -15869 + 30388. Is m a prime number?
True
Suppose 26*p + 12282 = 2*f + 27*p, 0 = f - 3*p - 6155. Is f a prime number?
True
Let u = -1069145 - -1935424. Is u prime?
True
Let r be 56/16*(2 + (-20)/14). Suppose 1453 = c - 3*f, 6980 = 5*c - r*f - 337. Is c a composite number?
True
Suppose 4*n + 3*a + 8 = 0, 15*n + 4*a + 14 = 13*n. Is (8735 - 18) + n + -7 composite?
True
Let u(q) = 6*q - 5. Let w(z) = 18*z - 14. Let k(m) = -7*u(m) + 2*w(m). Let r be k(-13). Let c = r + -52. Is c composite?
True
Suppose -5*a - 578656 = -4*p, -2*a - 57654 = -p + 87013. Is p a prime number?
True
Let l = 182 - 117. Suppose l = -10*u + 1515. Is u composite?
True
Let q be (-8)/1 + 2*(0 - 1). Is q/(-5) - -1113 - (2 - 4) prime?
True
Let x(o) = -48*o**3 + 10*o**2 - 101*o + 8. Is x(-15) a prime number?
False
Let m be (-126)/28 + (-10)/(-4). Is (-4 - (-5 - m))*-3359 prime?
True
Let z(r) = -r**3 - 10*r**2 - 11*r - 9. Let d be z(-9). Let k = -7 + d. Suppose 0 = 5*w - 4*v - 121, 3*v = -3*w - k*w + 93. Is w prime?
False
Let y = -426120 - -832161. Is y a prime number?
False
Let l(m) = 53*m**2 - 4*m - 155. Let y(b) = 18*b**2 - b - 52. Let z(d) = -2*l(d) + 7*y(d). Is z(-7) a prime number?
True
Let i = 529566 + -136205. Is i a composite number?
False
Suppose -9 = 5*p + 21. Let o(t) = -1 - 59*t - 64*t + 45*t + 0. Is o(p) a prime number?
True
Suppose -2*u = -5*u + 8622. Let t be (-495)/132*48/(-10). Suppose -t*f = -16*f - u. Is f a composite number?
True
Let q = 175 + -192. Is (0 + (0 - -211))/(q/(-629)) prime?
False
Let q = 37254 - 20843. Is q prime?
True
Let z(a) = -a**3 + a + 1. Suppose -2*b + 5*l + 19 = 0, 4*l = 3*b + 2*b - 5. Let x be z(b). Suppose 30*t - x*t = 565. Is t a composite number?
False
Let n(x) = x**3 + x**2 - x + 21. Let o be n(0). Suppose 0 = -26*c + o*c + 3935. Is c a prime number?
True
Let n = -195331 + 328020. Is n a composite number?
False
Let u(b) = b**3 - 7*b**2 - 2*b + 17. Let p be u(7). Suppose -4*z + p*k = 24, z - 9 - 8 = -5*k. Is (z - -4) + (1161/1 - -1) a composite number?
False
Suppose -402519 = -16*n - 32263. Suppose 4*v - v + 2*c = 17347, -4*v - 5*c = -n. Is v a prime number?
True
Let d(k) = k**3 - 27*k**2 + 27*k - 24. Let p be d(26). Is (-5*135348/(-180))/(p/6) a prime number?
True
Suppose -4*f + 15*f + 48345 = 0. Is (-12)/18*f/10 a composite number?
False
Let i = 285 - 179. Suppose t - 2*v + 64 = 0, 0 = 2*t + 2*v + i + 52. Is (t/4)/(22/(-88)) composite?
True
Let d = 54 + -61. Let p be (d + 24/4)*(-1 - -1). Suppose -8*v + 6368 - 1848 = p. Is v prime?
False
Suppose 452416 = 22*i - i + 43*i. Is i a composite number?
False
Let y be (3 + 2 + 21148/6)*-6. Let c = -12793 - y. Suppose 7*t - 2*t - c = 5*o, 0 = -3*t - 3*o + 5007. Is t a composite number?
True
Suppose 17*s - 187320 - 50051 = 0. Is s composite?
False
Let i(t) = -388*t + 11. Let w = 155 - 157. Is i(w) composite?
False
Suppose 4 = -7*v + 18. Suppose v*r + 3*m = r + 10, -50 = -5*r - 3*m. Let b(x) = 70*x + 21. Is b(r) a prime number?
False
Let q be (-4)/((15/(-5))/(6/2)). Suppose -3*x + 3*z + 7860 = -4*x, q*z = -x - 7862. Let d = x + 12245. Is d prime?
True
Let y = -9561 + 23390. Is y composite?
False
Let l(s) = -370*s**3 - 1 - 244*s**3 + 2*s**2 - 3*s - 549*s**3 + 6*s + 2*s**2. Is l(-1) a prime number?
True
Let k be (4 - 3)/((4/(-1206))/(-2)). Suppose -834 - k = -3*g. Is g a prime number?
True
Let r = 15 - 15. Suppose r = 10*l - 4*l - 5658. Is l a composite number?
True
Let g = 3419 - -6692. Is g prime?
True
Let a(j) = 60*j**2 - 25*j - 80. Is a(23) a prime number?
False
Suppose -3*u + 201847 = 3*k + 31024, 4*k + u - 227758 = 0. Is k composite?
True
Let n be (-10 - -7)*(-5 + (-520)/(-15)). Let z = -89 + -89. Let i = n - z. Is i a prime number?
True
Suppose 67*s - 10679977 + 2915280 = 0. Is s a composite number?
False
Is (-10 - 0/(-2)) + 66347 a prime number?
True
Let c = 152819 - 54676. Is c prime?
True
Suppose -2*b + 257527 = 3*s, -459263 = -5*s - 3*b - 30051. Is s composite?
False
Let j(t) = 44*t**2 + 57*t + 327. Let p be (578/(-4))/(-17)*-1*4. Is j(p) composite?
False
Let j = -655 + 663. Suppose 0 = j*q - 122057 + 18913. Is q prime?
True
Suppose -3*z - 33 = -z + r, 3*z + 5*r + 60 = 0. Let t(n) = n**2 + 15*n + 4. Let b be t(z). Is 1*b/16 - 2835/(-4) a composite number?
False
Suppose 0 = 2*k - 8*k. Suppose -2*h + 6 = k, -2*a - 2*a + 5*h - 3 = 0. Suppose a*p + 5*p - 10552 = 0. Is p composite?
False
Let d(q) be the third derivative of 389*q**6/20 + q**4/24 + q**2. Let p = -12 + 13. Is d(p) a composite number?
True
Let n(l) = 8*l**2 + 11*l + 94513. Is n(0) a prime number?
True
Suppose 0 = -7*q + 62 - 41. Let d(z) = 824*z**2 - 2*z - 7. Is d(q) a prime number?
False
Let w be (-7 + (-49150)/(-1))/((-6)/(-4)). Let i = w - 21105. Is i prime?
True
Let d = 2147921 + -1313870. Is d a prime number?
False
Suppose 2*f + 0*f - 3042 = -4*i, f - 1503 = 4*i. Suppose 2*q - 3*d = 2227, -384 = q + 2*d - f. Suppose -2*n - 151 = -q. Is n a prime number?
False
Suppose -9*z = 7*z - 6*z. Let b(l) = -l**3 + l + 4303. Is b(z) composite?
True
Suppose -5*w + i + 109 = 0, 4*w = -2*i + 30 + 60. Let u be (-1)/(5/15) + w. Is (-73)/(-3)*(-4 + u) prime?
False
Suppose -5*k - 5*d = -820, -34 = 2*k + 5*d - 353. Suppose 9*x + k = -j + 4*x, -2*x - 436 = 3*j. Is (-31)/2*j + -1 + 3 a prime number?
True
Let r = -183170 - -379783. Is r a composite number?
False
Let p = 171 - 152. Suppose 31*l = p*l + 9084. Is l composite?
False
Is (-15)/((-66 - -11)/11) + (0 - -277010) composite?
True
Let q(t) = 112*t + 5. Suppose -9*o + 3*o + 30 = 0. Suppose -o*x + 6 = -34. Is q(x) a prime number?
False
Let l = -8800 - -12908. Suppose -5*h = -h + 3*c - 8218, -l = -2*h - c. Is h a prime number?
True
Let c(j) = -202048*j + 1667. Is c(-3) prime?
False
Let l(b) = 5*b**2 + 3*b - 47. Suppose 11*k - 1 = 10*k. Let s(m) = m - 2. Let j(x) = k*l(x) - 2*s(x). Is j(-14) a composite number?
True
Suppose -48 + 20 = -14*h. Is -1 + (6952/55)/(h/25) composite?
False
Is 2*((0 + 1)/(-6) + (-3294510)/(-90)) a prime number?
False
Let s = 3952 - 166. Suppose 23*f - 29*f = -s. Is f a prime number?
True
Let w = 873 - 478. Suppose -m = 2*z - w, -7 = 3*m + 8. Is (-48)/(-16) - z*-1 a prime number?
False
Suppose 3261791 - 788758 = 3*s - 4*k, 0 = -4*s - 5*k + 3297336. Is s prime?
True
Is 2/10 + (-1976)/95*-1491 prime?
True
Let z = 3645616 + -926403. Is z prime?
False
Let w(z) = 2*z**3 - 7*z**2 - 11*z - 5. Let r = 25 - 29. Let f be (-11 - 8/r)/(-1 - 0). Is w(f) a composite number?
False
Suppose 10*g = -886 + 46. Let a(o) = -5*o**3 + 5*o**2 - 6*o + 3. Let p be a(5). Let v = g - p. Is v a prime number?
True
Let s(z) = 134412*z**3 - 8*z**2 + 9*z. Is s(1) composite?
True
Let v be (-1 - (-12106)/(-5))/(16/(-80)). Let g = v - 6022. Is g composite?
False
Let v = 24709 - -31198. Is v prime?
False
Let s be 7 + ((-30)/(-5))/3. Let a be (-710)/(-3) + (-6)/s. Suppose -p + 123 = m, -3*m + m + 3*p = -a. Is m prime?
False
Is (-1)/(-10) - (-548313543)/270 composite?
True
Let x = 12548 - 7051. Let f = -1023 + x. Is f a prime number?
False
Let z be 35/4 + (-5)/(-20). Suppose 1 = -z*c + 19. Is 3 - -1*100*c a composite number?
True
Let s = 59943 + 10754. Suppose s - 180268 = -7*q. Is q prime?
False
Is 1*(-17 - 1290/(-75)) - (-10412688)/10 prime?
True
Is 27/((-297)/(-176)) + 35 prime?
False
Let n = -4 + 9. Suppose n*u - r - 8 - 3 = 0, -5*r + 1 = 3*u. Is (-1)/(u - (8928/8926 - -1)) a composite number?
False
Let y = 419 + -409. Let q = 28 - 14. Suppose -q*u = -y*u - 124. Is u prime?
True
Let b(p) = -76*p - 34. Suppose 0 = -c - q + 5, 0